{"id":6,"date":"2021-12-06T10:16:20","date_gmt":"2021-12-06T10:16:20","guid":{"rendered":"http:\/\/cenkyasa.com\/?page_id=6"},"modified":"2023-02-23T19:02:06","modified_gmt":"2023-02-23T19:02:06","slug":"hakkimizda","status":"publish","type":"page","link":"http:\/\/cenkyasa.com\/index.php\/hakkimizda\/","title":{"rendered":"Hakk\u0131mda"},"content":{"rendered":"\n<p><br><strong>\u0130stanbul \u00dcniversitesi <br>\u0130stanbul T\u0131p Fak\u00fcltesi<\/strong><\/p>\n\n\n\n<p><strong>Kad\u0131n Hastal\u0131klar\u0131 ve Do\u011fum Ana Bilim Dal\u0131<br>\u00dcrojinekoloji Bilim Dal\u0131<\/strong><\/p>\n\n\n\n<p><strong>Uzmanl\u0131k Alan\u0131<br><\/strong>Kad\u0131n Hastal\u0131klar\u0131 ve Do\u011fum<\/p>\n\n\n\n<p>\u00dcrojinekoloji<\/p>\n\n\n\n<p>Laparoskopik ve Robotik Cerrahi<\/p>\n\n\n\n<p><strong>E\u011fitim<\/strong><\/p>\n\n\n\n<p>2023 \u0130stanbul T\u0131p Fak\u00fcltesi Kad\u0131n Hastal\u0131klar\u0131 ve Do\u011fum\/Profes\u00f6r<strong><br><\/strong>2017 \u0130stanbul T\u0131p Fak\u00fcltesi Kad\u0131n Hastal\u0131klar\u0131 ve Do\u011fum\/Do\u00e7ent<br>2010 \u0130stanbul T\u0131p Fak\u00fcltesi Kad\u0131n Hastal\u0131klar\u0131 ve Do\u011fum\/Uzmanl\u0131k<br>2005 Cerrahpa\u015fa T\u0131p Fak\u00fcltesi U\u011fur Derman \u0130ngilizce T\u0131p Program\u0131<\/p>\n\n\n\n<p><br><strong>\u0130\u015f Deneyimleri<br><\/strong>2012 \u2013 Halen \u0130stanbul T\u0131p Fak\u00fcltesi Kad\u0131n Hastal\u0131klar\u0131 ve Do\u011fum<br>2011-2012 Ordu Kad\u0131n Hastal\u0131klar\u0131 ve \u00c7ocuk Hastanesi<br>2005-2010 \u0130stanbul T\u0131p Fak\u00fcltesi Kad\u0131n Hastal\u0131klar\u0131 ve Do\u011fum<\/p>\n","protected":false},"excerpt":{"rendered":"<p>\u0130stanbul \u00dcniversitesi \u0130stanbul T\u0131p Fak\u00fcltesi Kad\u0131n Hastal\u0131klar\u0131 ve Do\u011fum Ana Bilim Dal\u0131\u00dcrojinekoloji Bilim Dal\u0131 Uzmanl\u0131k Alan\u0131Kad\u0131n Hastal\u0131klar\u0131 ve Do\u011fum \u00dcrojinekoloji Laparoskopik ve Robotik Cerrahi E\u011fitim 2023 \u0130stanbul T\u0131p Fak\u00fcltesi Kad\u0131n Hastal\u0131klar\u0131 ve Do\u011fum\/Profes\u00f6r2017 \u0130stanbul T\u0131p Fak\u00fcltesi Kad\u0131n Hastal\u0131klar\u0131 ve Do\u011fum\/Do\u00e7ent2010 \u0130stanbul T\u0131p Fak\u00fcltesi Kad\u0131n Hastal\u0131klar\u0131 ve Do\u011fum\/Uzmanl\u0131k2005 Cerrahpa\u015fa T\u0131p Fak\u00fcltesi U\u011fur Derman \u0130ngilizce T\u0131p Program\u0131 [&hellip;]<\/p>\n","protected":false},"author":1,"featured_media":0,"parent":0,"menu_order":0,"comment_status":"closed","ping_status":"closed","template":"","meta":[],"_links":{"self":[{"href":"http:\/\/cenkyasa.com\/index.php\/wp-json\/wp\/v2\/pages\/6"}],"collection":[{"href":"http:\/\/cenkyasa.com\/index.php\/wp-json\/wp\/v2\/pages"}],"about":[{"href":"http:\/\/cenkyasa.com\/index.php\/wp-json\/wp\/v2\/types\/page"}],"author":[{"embeddable":true,"href":"http:\/\/cenkyasa.com\/index.php\/wp-json\/wp\/v2\/users\/1"}],"replies":[{"embeddable":true,"href":"http:\/\/cenkyasa.com\/index.php\/wp-json\/wp\/v2\/comments?post=6"}],"version-history":[{"count":6,"href":"http:\/\/cenkyasa.com\/index.php\/wp-json\/wp\/v2\/pages\/6\/revisions"}],"predecessor-version":[{"id":180,"href":"http:\/\/cenkyasa.com\/index.php\/wp-json\/wp\/v2\/pages\/6\/revisions\/180"}],"wp:attachment":[{"href":"http:\/\/cenkyasa.com\/index.php\/wp-json\/wp\/v2\/media?parent=6"}],"curies":[{"name":"wp","href":"https:\/\/api.w.org\/{rel}","templated":true}]}}